it of n?
8
Let w(d) = -47*d - 7. Suppose 3*c + 24*p + 7 = 22*p, 4*c + 7 = -5*p. What is the tens digit of w(c)?
3
Let v = 4316 - 4199. What is the units digit of v?
7
Suppose -9232 = -d + 7*b - 4*b, 5*d = -5*b + 46160. What is the thousands digit of d?
9
Suppose -54*t + 71*t - 6166 + 1117 = 0. What is the units digit of t?
7
Let w(q) = 338*q**3 - 72*q**2 + 371*q - 21. What is the hundreds digit of w(6)?
6
Let r(y) = 126 - 110*y - 368*y - 195. What is the thousands digit of r(-3)?
1
What is the tens digit of (-3469)/((-94)/141*6/28)?
8
Let d(b) = -113*b**2 + 2*b - 21. Let w be d(-9). What is the tens digit of (3/2)/((-36)/w)?
8
What is the hundreds digit of (((-4 + 2)*-1)/(-2))/((-1)/9837)?
8
Suppose -123*d - 26*d + 1620375 = 0. What is the tens digit of d?
7
Let t(c) = 743*c - 480. What is the thousands digit of t(16)?
1
Let x(j) = -2*j**2 + 16*j - 20. Let r be x(7). What is the tens digit of (188 - 4)/4*r/(-4)?
6
Suppose -12*d + 709 = 19309. Let m = -999 - d. What is the units digit of m?
1
Let a be (-6)/14 - (-700)/(-196). What is the tens digit of (44/66)/(a/6) + 320?
1
Let c = 1 - -4. Let b = 1893 - 1893. Suppose b = a + 3*z - 130, -c*z - 26 = -a + 120. What is the hundreds digit of a?
1
Let c = 845 + -560. Let b = -155 + c. What is the units digit of b?
0
Let h(t) = t**3 - t**2 + 3*t + 4. Let c be h(6). Suppose 278 = 6*i - 424. Let q = c - i. What is the units digit of q?
5
Let c(n) = -10*n - 3323*n**3 + 3322*n**3 - 124 + 44*n**2 - 3*n + 4*n. What is the tens digit of c(43)?
3
Suppose -54*v - 313349 + 1136059 = 44*v. What is the thousands digit of v?
8
Suppose 9*i - 11118 = 5*i - 2*q, -5*q + 8349 = 3*i. What is the thousands digit of i?
2
Let l(u) = -90*u + 203. Let i(k) = 87*k - 203. Let g(c) = 4*i(c) + 3*l(c). What is the hundreds digit of g(14)?
8
Let n(c) = 138*c**2 - 87*c + 18. What is the hundreds digit of n(-24)?
5
Suppose 191*q + 194*q = 363*q + 696608. What is the units digit of q?
4
Suppose -2*y + 5*u + 7984 = 0, 0 = -y + 24*u - 21*u + 3989. What is the hundreds digit of y?
0
Let x = -2651 + 5528. Suppose 3980 = 4*g - 4*y, 2118 = 5*g + 5*y - x. What is the tens digit of g?
9
Let k be (-14 + 13)*15/(-9)*-3. What is the hundreds digit of 6/(4336/(-872) - k)?
2
Suppose 16 = -2*q + 6*q. Let r(n) = -n**3 + 10*n**2 - 5*n - 3. Let i be r(q). Suppose 3*a = 6, -5*l + 2*l + 4*a + i = 0. What is the tens digit of l?
2
Let n(a) = -43*a + 10. Let h be n(-2). Let p = h + 130. What is the units digit of p?
6
Suppose 38219 = 5*c + 3*o - 22425, -4*c + 48496 = -4*o. What is the ten thousands digit of c?
1
What is the units digit of 2544*-5*(-7)/(168/32)?
0
Let z be 237/(-2)*9/((-81)/120). Let y = z - 889. What is the units digit of y?
1
Suppose -7*g + 33*g = 39375 + 23519. What is the hundreds digit of g?
4
Let x = -11523 - -19651. What is the hundreds digit of x?
1
Let k be 438/24 + (-2)/8. What is the tens digit of (-3)/k + (-14319)/(-54)?
6
Let z be (-250)/(-100)*8/5. Suppose -z*g - 107 = 4*a - 747, -5*a - g + 820 = 0. What is the units digit of a?
5
What is the thousands digit of (960/(-105) - -10)/((-1)/(-8323))?
7
Let b(j) = -12*j - 13. Let r(c) = 23*c + 26. Let h(n) = -13*b(n) - 6*r(n). Let y be h(-3). Let k = y - -56. What is the units digit of k?
5
Let q = 5575 + -5575. Let u(o) = -11*o**2 - 3*o - 211. Let x(l) = 5*l**2 + l + 105. Let f(h) = 4*u(h) + 9*x(h). What is the hundreds digit of f(q)?
1
Let v(p) = 10*p**3 + 472*p**2 - 19*p + 144. What is the units digit of v(-44)?
2
Let o = -2127 + 1463. Let u = -229 - o. What is the units digit of u?
5
Let u(y) = -527*y - 3. Let f be u(1). Let w = -346 - f. What is the hundreds digit of w?
1
Let q = 10640 + -4781. What is the units digit of q?
9
Let v be (-6782)/(-10) + (-4 - (-19)/5). Suppose -2*c - 2*c + v = 3*n, 3*c = -2*n + 508. Suppose 0 = 6*u - 7*u + c. What is the units digit of u?
8
What is the tens digit of 6/(-45) - 27929090/(-1050)?
9
Let z = -10439 + 14957. What is the hundreds digit of z?
5
Let t = 103 - 99. Suppose t*i = 0, 7*d - 414 = 5*d - 4*i. What is the tens digit of d?
0
Let m = 424 + -32. Let g = -95 + m. What is the tens digit of g?
9
Suppose 175*q = -90*q + 50*q + 1037805. What is the tens digit of q?
2
Suppose 12 = -3*g + g - 2*j, 22 = -3*g - 4*j. Let x be 30/(-75) - g/5. Suppose 0*n - 3*n - 3*y + 270 = x, -432 = -5*n + y. What is the units digit of n?
7
What is the tens digit of ((-53282)/(-18))/((-7)/(-21)) + (-44)/33?
7
Suppose 5*n + 4*f - 22350 = 8269, 3*f = 3*n - 18393. What is the thousands digit of n?
6
Suppose 0 = 4*c + u - 30353, -2*u - 27387 = -3*c - 4614. What is the hundreds digit of c?
5
Suppose 5*w = 5*z - 163325, -750*w + 12 = -748*w. What is the units digit of z?
1
What is the units digit of 31396 - (-1 + -21 + 5)?
3
Suppose 376*o - 9024762 - 17979309 = 5508649. What is the tens digit of o?
7
Suppose 4*k = -3*m + 9*k + 31, 0 = 4*k + 8. What is the units digit of 21/m*316/12?
9
Suppose -5*p - 3301 = x - 171502, -2*p + 4*x = -67254. What is the units digit of p?
9
Suppose -7*v + 4*v = -510. Suppose 2*z + 344 + v = 0. Let a = z + 393. What is the units digit of a?
6
Let q = -1293 - -1295. Suppose -9 + 0 = -c. Suppose c*m + q*m = 495. What is the tens digit of m?
4
Let q = 2 - -1. Let f be 5 + 9/18*(2 - 4). Suppose 2*n + 25 = -3*n, 0 = f*r - q*n - 247. What is the units digit of r?
8
Let w(s) = 3*s - 9. Let j be w(3). Suppose 1546 + 50 = 3*o + 3*z, -4*o - 2*z + 2130 = j. What is the units digit of o?
3
Let z(o) = -23*o + 7. Let i(r) = r - 1. Let m(u) = -30*i(u) - 5*z(u). Let w(a) = -84*a + 4. Let c(q) = 3*m(q) + 4*w(q). What is the tens digit of c(-1)?
8
Let r = -273 - -553. Suppose 2*h = 3*w - r, 3*h + 475 = 5*w - 2*h. Suppose -g + w = -2. What is the tens digit of g?
9
Let l = 441 + -426. Suppose -l*w + 22465 - 985 = 0. What is the tens digit of w?
3
Let k(o) = 706*o**2 - 62*o - 491. What is the units digit of k(-8)?
9
Let p be 5 - (-9)/(36/(-8)). Suppose -5*x - b + 1242 = 0, -1236 = -5*x - b + p*b. What is the tens digit of x?
4
Let y be (210 - 4)/(8/12) - -6. Suppose -5*m = 5*x - y, 5*x - 5*m = -4*m + 327. What is the units digit of x?
5
Let p(z) = -4*z + 12. Suppose 3 = 2*t + t + 3*o, -1 = -2*t - o. Let v be p(t). What is the units digit of (-4)/(-5)*(858/v - -1)?
8
What is the ten thousands digit of ((302/(-4))/((-34)/1581))/(78/832)?
3
Let m be (20/18)/5 + (-16)/(-9). Suppose 0 = 5*q - 0*u + 4*u, m*u = 3*q + 22. What is the units digit of (5 - -52) + q/(-2)?
9
Let i = -192 + 196. Suppose 5*w + i*u = 4062, 2*w + 2*w - 2*u - 3260 = 0. What is the units digit of w?
4
Let t(n) = 2*n**2 + 33*n - 30. Let q(i) = 2*i**2 + 33*i - 29. Let s(j) = 5*q(j) - 4*t(j). Let o be s(-21). Suppose l - 31 = o. What is the hundreds digit of l?
1
Let a(l) = -189*l + 68. Let j be a(-9). Suppose -x - j = -4*t, 366 + 952 = 3*t + x. What is the units digit of t?
1
Suppose -7*m - 8836 = 236. Let b = 2483 + m. What is the hundreds digit of b?
1
Let c(r) = 22*r + 7. Let k be c(0). Let o(b) = 4*b**2 - 3*b + 4. What is the hundreds digit of o(k)?
1
What is the thousands digit of -6 + 3 - -9202 - 12/12?
9
Let l = 42 + -64. Let v = l - -27. Suppose -215 = v*s - 755. What is the units digit of s?
8
Let y(z) = 24*z**2 - 2*z + 2043. What is the units digit of y(0)?
3
Let z = -1359 + 29. Let n be z/90 + 4/(-18). Let f(q) = q**3 + 16*q**2 + 13*q - 5. What is the units digit of f(n)?
5
Let y(d) = -2991*d + 139. What is the tens digit of y(-2)?
2
Suppose y + 12 = 2*a, 3*a = 3*y + 9 + 15. Suppose d - 428 = 3*i - 2*i, -a*d + 3*i = -1710. What is the hundreds digit of d?
4
Suppose -136*c + 1531318 + 78106 = 0. What is the units digit of c?
4
Suppose -11*x - 2*x - 39 = 0. Let n be (-2 + 0/(-4))/(1/x). Suppose 4*o - 872 = -4*h, o + 2 = n. What is the tens digit of h?
1
Let c(x) = -4*x + 13. Let i be c(3). Let y be (-2)/(-3) - i - 4680/(-108). Suppose 45*m - 468 = y*m. What is the hundreds digit of m?
2
Let i be 11 + 4 - 42/(-6). Suppose 7 = 3*b + i, 3*b = y - 1452. What is the units digit of y?
7
Suppose 4*f + 1 = 3*h, h + 2*f - 1 = 6. Suppose 0 = -4*a - 2*s + 152, h*a - 23 = s + 96. What is the tens digit of a/13*(-128)/(-6)?
6
Let i be 12/4*(-224 + 1). Let k = i + -1225. What is the tens digit of k/(-12) + 9/54?
5
Let n(l) be the second derivative of -l**5/20 + 5*l**4/6 - 7*l**3/3 - 9*l**2 -